ns digit of 1321987529?
3
What is the ten millions digit of 107519690?
0
What is the hundred millions digit of 264668630?
2
What is the units digit of 98708770?
0
What is the ten millions digit of 21525479?
2
What is the ten millions digit of 716433841?
1
What is the ten millions digit of 52346526?
5
What is the hundred thousands digit of 209620923?
6
What is the hundred millions digit of 1876470781?
8
What is the hundred millions digit of 130418147?
1
What is the hundreds digit of 305189372?
3
What is the millions digit of 628765061?
8
What is the tens digit of 178675257?
5
What is the ten millions digit of 1441005126?
4
What is the ten thousands digit of 65247268?
4
What is the millions digit of 265687779?
5
What is the hundreds digit of 452114789?
7
What is the hundreds digit of 4750749290?
2
What is the hundreds digit of 1911944425?
4
What is the hundred thousands digit of 36721341?
7
What is the ten millions digit of 62202974?
6
What is the tens digit of 45869446?
4
What is the ten thousands digit of 303620636?
2
What is the tens digit of 265943902?
0
What is the millions digit of 262860334?
2
What is the tens digit of 246053840?
4
What is the thousands digit of 7970269725?
9
What is the tens digit of 4417088940?
4
What is the hundred millions digit of 230133758?
2
What is the thousands digit of 21274963?
4
What is the millions digit of 172145757?
2
What is the tens digit of 666291959?
5
What is the thousands digit of 53918761?
8
What is the thousands digit of 1479443303?
3
What is the hundred millions digit of 111843128?
1
What is the hundred millions digit of 491371247?
4
What is the ten thousands digit of 527854099?
5
What is the ten thousands digit of 658402678?
0
What is the hundred thousands digit of 183025087?
0
What is the millions digit of 338760930?
8
What is the millions digit of 78327589?
8
What is the ten millions digit of 47249630?
4
What is the hundred thousands digit of 43295073?
2
What is the tens digit of 175629205?
0
What is the hundred thousands digit of 374912463?
9
What is the hundred thousands digit of 158216917?
2
What is the tens digit of 13505938?
3
What is the millions digit of 1233262767?
3
What is the ten millions digit of 748858079?
4
What is the hundred thousands digit of 129181235?
1
What is the units digit of 157901226?
6
What is the hundreds digit of 2995021395?
3
What is the hundred thousands digit of 165958526?
9
What is the hundreds digit of 4039468?
4
What is the ten thousands digit of 10288459?
8
What is the hundreds digit of 71263912?
9
What is the tens digit of 13818341?
4
What is the tens digit of 4830823803?
0
What is the tens digit of 81429743?
4
What is the hundreds digit of 1301198?
1
What is the hundred thousands digit of 910666415?
6
What is the ten thousands digit of 1100301527?
0
What is the ten thousands digit of 73950163?
5
What is the ten thousands digit of 3765381452?
8
What is the hundreds digit of 58878313?
3
What is the ten thousands digit of 463421279?
2
What is the ten millions digit of 6328190892?
2
What is the ten thousands digit of 76765988?
6
What is the hundred thousands digit of 1218752467?
7
What is the hundred thousands digit of 103409911?
4
What is the units digit of 575104365?
5
What is the ten thousands digit of 1862974318?
7
What is the units digit of 634542756?
6
What is the ten thousands digit of 188779513?
7
What is the billions digit of 1629827264?
1
What is the millions digit of 203596731?
3
What is the tens digit of 36877973?
7
What is the thousands digit of 786074206?
4
What is the tens digit of 6131094779?
7
What is the units digit of 1216859447?
7
What is the millions digit of 24532558?
4
What is the ten thousands digit of 63529067?
2
What is the hundreds digit of 788650980?
9
What is the tens digit of 38771459?
5
What is the hundreds digit of 6417406607?
6
What is the tens digit of 220747001?
0
What is the thousands digit of 20526718?
6
What is the units digit of 332993426?
6
What is the hundreds digit of 48838736?
7
What is the hundred thousands digit of 64627366?
6
What is the ten millions digit of 958210429?
5
What is the units digit of 40769361?
1
What is the hundred thousands digit of 2472995496?
9
What is the millions digit of 1031852?
1
What is the tens digit of 105774039?
3
What is the tens digit of 1300018253?
5
What is the billions digit of 1489030236?
1
What is the hundreds digit of 1144787939?
9
What is the hundred thousands digit of 432581709?
5
What is the millions digit of 6420615405?
0
What is the hundreds digit of 1391758309?
3
What is the tens digit of 5218394911?
1
What is the ten thousands digit of 1774818133?
1
What is the units digit of 120496116?
6
What is the ten millions digit of 2123400080?
2
What is the thousands digit of 481128293?
8
What is the tens digit of 443813241?
4
What is the thousands digit of 217838116?
8
What is the tens digit of 353703440?
4
What is the thousands digit of 1491387534?
7
What is the thousands digit of 129564560?
4
What is the ten millions digit of 1830979286?
3
What is the thousands digit of 609905957?
5
What is the hundred millions digit of 5979594697?
9
What is the units digit of 106297616?
6
What is the thousands digit of 30803328?
3
What is the thousands digit of 29812451?
2
What is the millions digit of 201705278?
1
What is the thousands digit of 22510674?
0
What is the ten thousands digit of 1013115821?
1
What is the millions digit of 1118787781?
8
What is the tens digit of 345791092?
9
What is the hundreds digit of 640394916?
9
What is the tens digit of 813237845?
4
What is the ten thousands digit of 325690858?
9
What is the hundred millions digit of 1956823210?
9
What is the units digit of 305558969?
9
What is the hundred millions digit of 963822711?
9
What is the ten thousands digit of 171106616?
0
What is the hundred millions digit of 5599326243?
5
What is the millions digit of 46214291?
6
What is the ten millions digit of 48806984?
4
What is the tens digit of 4113848230?
3
What is the hundred thousands digit of 3668322233?
3
What is the millions digit of 554290088?
4
What is the tens digit of 21698236?
3
What is the tens digit of 102630907?
0
What is the tens digit of 118430394?
9
What is the hundred thousands digit of 5099638428?
6
What is the ten millions digit of 479741506?
7
What is the ten millions digit of 1558408142?
5
What is the ten millions digit of 451226189?
5
What is the thousands digit of 270604897?
4
What is the units digit of 321263299?
9
What is the tens digit of 20976577?
7
What is the millions digit of 6221227?
6
What is the thousands digit of 490094555?
4
What is the hundred thousands digit of 30771166?
7
What is the millions digit of 160729911?
0
What is the hundred millions digit of 103719587?
1
What is the ten thousands digit of 104758884?
5
What is the ten thousands digit of 739544396?
4
What is the millions digit of 227246909?
7
What is the tens digit of 245179524?
2
What is the billions digit of 3779206428?
3
What is the millions digit of 6919695662?
9
What is the hundred millions digit of 1882551778?
8
What is the hundred thousands digit of 803288140?
2
What is the hundred millions digit of 4809697478?
8
What is the hundreds digit of 23363920?
9
What is the hundred millions digit of 6122019581?
1
What is the units digit of 320703734?
4
What is the ten millions digit of 19149842?
1
What is the units digit of 1224576406?
6
What is the millions digit of 1497436834?
7
What is the units digit of 1009791681?
1
What is the thousands digit of 864023854?
3
What is the hundred thousands digit of 80936217?
9
What is the millions digit of 22642786?
2
What is the units digit of 475672464?
4
What is the tens digit of 75137469?
6
What is the hundred thousands digit of 1383180912?
1
What is the thousands digit of 71477449?
7
What is the hundred thousands digit of 58171232?
1
What is the hundred millions digit of 544144221?
5
What is the millions digit of 242769501?
2
What is the ten thousands digit of 32588317?
8
What is the hundreds digit of 12427616?
6
What is the hundred millions digit of 154905064?
1
What is the thousands digit of 568795657?
5
What is the ten millions digit of 2906849592?
0
What is the hundreds digit of 86767226?
2
What is the tens digit of 106451616?
1
What